y 6.
4
Suppose -p + 2*p - 4 = 0. Calculate the remainder when 13 is divided by p.
1
Suppose 5*q - 71 = -5*f - 26, -3*q + 15 = 2*f. Calculate the remainder when 69 is divided by f.
9
Let n = -20 + 28. Suppose 0 = 3*a - n*a. Calculate the remainder when (-1 + a)*-1*43 is divided by 15.
13
Let n = -10 + 21. Let v = 89 + -58. What is the remainder when v is divided by n?
9
Let u be 9/3 + 0/(-2). Suppose 0 = -g - u*g + 52. What is the remainder when 6/(-21) + 354/14 is divided by g?
12
Let j = -14 + 14. What is the remainder when 418/(-55)*(j - 5) is divided by 10?
8
Suppose -7*d = -2*d - 20. Suppose -d*o + 0*o + 52 = -2*t, 2*t = 0. Calculate the remainder when 63 is divided by o.
11
Suppose -4*s = s. Suppose -119 = -5*t - 3*j + 2, 0 = 5*t - 3*j - 139. Calculate the remainder when t is divided by -2 - (-2 + (s - 9)).
8
Let u(s) = 10*s**2 + 1. Calculate the remainder when 161 is divided by u(-2).
38
Let o = -116 - -136. Let x = -91 + 148. Calculate the remainder when x is divided by o.
17
Let d(i) = i + 8. Let t be d(-9). Let a = t + 4. Calculate the remainder when (-18)/(a*(-4)/18) is divided by 14.
13
Suppose a + 5*r - 32 = 0, 9 = 3*a - a - r. Calculate the remainder when 18 is divided by a.
4
Let s(d) = -d + 6. Suppose -3*t + 0*t + 309 = 5*o, 4*o + 4*t - 244 = 0. Let k = -43 + o. Calculate the remainder when k is divided by s(-5).
9
Suppose 0 = -s + 2*f - 5, -5 = 2*s - 2*f - 3. Calculate the remainder when 9 is divided by s.
0
Suppose -3*k - 12 = 3*k. Let f(p) = -2*p**3 + 2*p**2 + 1. Calculate the remainder when f(k) is divided by 7.
4
Let a(i) = -3*i**3 - 2*i**2 - i. Let h be a(-1). Suppose -z - h = -4. Calculate the remainder when z is divided by 2.
0
Let p be -30*(0 - 12/8). Let l = p + 80. Calculate the remainder when l is divided by 32.
29
Let a = -6 - -11. Let d = -8 - -20. What is the remainder when d is divided by a?
2
Suppose 5*t + 10 = 4*t. Calculate the remainder when 36 is divided by (52/t)/((-6)/15).
10
Calculate the remainder when (-258)/(-4)*(-14)/(-21) is divided by 15.
13
Let m = 10 - -7. Let y(t) = -t**3 + 5*t**2 + 8*t - 6. Let k be 6/2 - (-9 + 6). What is the remainder when m is divided by y(k)?
5
Let n = 22 + -20. Let x(i) = i**3 + 2*i**2 - 3*i + 2. What is the remainder when x(-3) is divided by n?
0
Let y = 74 + -64. Calculate the remainder when 47 is divided by y.
7
Let w be ((-8)/20)/((-2)/10). Suppose 5*l - w*l = 6. What is the remainder when 6 is divided by l?
0
Suppose 5*m - 7 = 3*a - 4, 2*m - 14 = -2*a. Let t be 24/18*(-12)/2. Let o = 10 + t. Calculate the remainder when m is divided by o.
1
Suppose 5*i - 4*i - 6 = 0. Calculate the remainder when 16 is divided by i.
4
Let n = -3 - -8. Suppose 0 = 4*w - 2*c - 11 - 183, -3*c + 248 = n*w. What is the remainder when w is divided by 17?
15
Suppose -5*i + 200 = -4*p + 53, 0 = 5*i + 2*p - 159. What is the remainder when i is divided by 16?
15
Calculate the remainder when 13 is divided by 1 + (-1 - (-2 - 3)).
3
Let n be -2 + 9/3 + -3. Let v(f) = 7*f**2 - 2*f + 1. What is the remainder when v(n) is divided by 17?
16
Let l = -5 - -4. Let t = -19 - -32. Calculate the remainder when (l + 33/9)*9 is divided by t.
11
Suppose -23 = -y + 2*a, 4*a - 24 = -4*y + 8. Calculate the remainder when (3/2)/(11/264) is divided by y.
10
Suppose 3*d - 4*u - 82 = -22, -2*u + 54 = 2*d. Let m(f) = f**2 + 6*f - 42. Calculate the remainder when m(-15) is divided by d.
21
Let u = 22 - 19. Let x(c) = -c**3 + 3*c + 2. Let d be x(-2). Suppose -d*j + 23 = -5. Calculate the remainder when j is divided by u.
1
Let w = -3 - -2. Suppose 6 = d - 4. What is the remainder when -1 + -58*w/2 is divided by d?
8
Suppose -2*y - 5*q + 77 = y, -3*y + 89 = -q. Calculate the remainder when 173 is divided by y.
28
Suppose 5*s = -b - 2, 4*b - 19 = -b + 4*s. What is the remainder when 8 is divided by b?
2
Let x = 117 - 62. What is the remainder when x is divided by 29?
26
Suppose 32 + 20 = 2*c. Let l = c - 10. What is the remainder when 47 is divided by l?
15
Suppose 3*u - 221 = -h - 0*h, 4*h + 138 = 2*u. What is the remainder when u is divided by 15?
13
Let h(b) = -5*b - 9. What is the remainder when h(-15) is divided by 34?
32
Let z = 79 + -31. Calculate the remainder when z is divided by 7.
6
Suppose 5*z + p = 126, 3*z = -5*p + 67 + 13. What is the remainder when 47 is divided by z?
22
Let t(v) = -2*v + 4. Suppose 70 = 4*l + 3*y + 2, 5*y + 68 = 4*l. Suppose -4*g + 11 = -l. What is the remainder when t(-4) is divided by g?
5
Suppose 2*b + 36 = -2*k, 0*b - 87 = 5*k + 4*b. Calculate the remainder when 2/(-5) - 531/k is divided by 12.
11
Let o = 12 - -2. What is the remainder when -3 + (-6)/(-4)*o is divided by 7?
4
Suppose -12*p + 14*p = 12. What is the remainder when (4/(-1))/(4/(-22)) is divided by p?
4
Let u be (-13 - (-1 + -2))/(-2). Suppose -g - 5*b = -0*g + 4, 6 = u*g - b. Calculate the remainder when 3 is divided by g.
0
Suppose 2*b + 175 = 9*b. Calculate the remainder when b is divided by 1*-5*42/(-15).
11
What is the remainder when 21 is divided by (9/(-6))/(18/(-8))*18?
9
Suppose -5*j + 82 = -5*h - 218, -108 = -2*j - 4*h. Calculate the remainder when j is divided by 20.
18
Let z be (-4)/(-12) - 17/(-3). Suppose -z*w + w = -35. Suppose -9 = -4*g + 3*l + 48, -2*g + 21 = -3*l. What is the remainder when g is divided by w?
4
Let k(r) = -3*r + 23. What is the remainder when k(4) is divided by (-17)/(-4) - (-1)/(-4)?
3
Let b = -21 - -39. What is the remainder when 105 is divided by b?
15
Let a = 19 + -11. Suppose 2*k + a = 3*k. Suppose 2*i + k = 6*i. What is the remainder when i is divided by 1?
0
Calculate the remainder when 121 is divided by 1 + -1 + 41 + 0.
39
Suppose -3*a + 7*a = 112. Calculate the remainder when 110 is divided by a.
26
Let y(a) = a**2 + 28*a + 8. Calculate the remainder when 18 is divided by y(-28).
2
Suppose 139 = 2*v + 4*w + 27, -w = 5. Let q = v + -34. Calculate the remainder when q is divided by 11.
10
Let c be (-24)/14*14/(-4). Suppose 7*q = c*q. What is the remainder when (-4)/(-6)*(39 - q) is divided by 14?
12
Let n(c) = 5*c. Let l = 44 + -29. Suppose -7 + l = 4*t. Calculate the remainder when n(1) is divided by t.
1
Suppose -6*u - 12 = 12. Let p = -4 - -15. Calculate the remainder when p is divided by -4 + (2 - -2 - u).
3
Let v be 57/(-2)*2/3. Let z = v + 32. Calculate the remainder when 25 is divided by z.
12
Let o(a) = a - 3. What is the remainder when 3 is divided by o(6)?
0
Let l = 11 + -17. Let h = l - -18. What is the remainder when h is divided by 7?
5
Suppose -2*k = 5*v - 8, 4*k + 2*v = -0*v + 48. Let a(m) = 9*m - 1. Let q(x) = 1. Let g(f) = -a(f) + 4*q(f). Calculate the remainder when g(-4) is divided by k.
13
Let m(c) be the third derivative of 1/12*c**4 + 1/60*c**5 + 0 + 0*c - c**3 + 3*c**2. Calculate the remainder when 53 is divided by m(-6).
17
Let h be 2/4 + 2/(-4). Suppose 15 = 5*x - 2*x. Suppose x*p - 103 - 42 = h. What is the remainder when p is divided by 10?
9
Suppose 0 = 5*h + 3*b - 35, -5*h - 4*b = -10*h. What is the remainder when 7 is divided by h?
3
Let z be 1/5 - (-28)/10. Suppose -22 = n - 5*h, n - z*h - h + 19 = 0. Let r = n - -18. Calculate the remainder when 31 is divided by r.
9
Suppose 4*z = -2*v + 123 - 423, 4*z = 0. Calculate the remainder when 89 is divided by ((-24)/30)/(4/v).
29
Let r be 56 + (-6)/9*-6. Suppose r = 4*z - 0*z. What is the remainder when 27 is divided by z?
12
Suppose 8*l - 11*l = -57. What is the remainder when l is divided by 7?
5
Let d = 33 + -26. Calculate the remainder when d is divided by 4.
3
Let g = 29 + -22. Calculate the remainder when 47 is divided by g.
5
Suppose -20 = 5*i, 8*b - 3*b + 2*i = 77. Calculate the remainder when 99 is divided by b.
14
Let x = -144 + 207. Calculate the remainder when x is divided by 23.
17
Let o = -46 - -68. What is the remainder when 65 is divided by o?
21
Let g = -15 + 24. What is the remainder when 18 is divided by g?
0
Let z = -5 + 21. Calculate the remainder when z is divided by 9.
7
Suppose -3*g + 59 = 2. Let v = g - 2. Calculate the remainder when 66 is divided by v.
15
Let h(s) = -9*s - 1. Let q be (1 + 2)/3*0. Suppose n - 19 - 4 = q. What is the remainder when n is divided by h(-1)?
7
Let f(t) = -2*t - 8. Let g be f(-12). What is the remainder when 39/6*g/4 is divided by 9?
8
Let q = 18 - 